5/20 + x**4/3 - x**3/6 - 2*x. Suppose 2*w + 6 = 10. Suppose -w*o + 6 = -2. Calculate s(o).
-4
Let p(b) = b**2 - 21*b - 3. Let o be p(21). Let m(t) = -2*t. Determine m(o).
6
Let x(c) = -c + 23. Let f = -1191 - -1203. Calculate x(f).
11
Let v be -14*((-2)/(-1) - 5/2). Let q be (v/3)/(-7) + 34/(-6). Let d(m) be the first derivative of -m**3/3 - 7*m**2/2 - 4*m - 1. Calculate d(q).
2
Let a = 3 - -18. Let j(k) = -31 + k + 0*k + a. Determine j(7).
-3
Let w(n) = 2*n**2 - 19*n - 1. Let k(o) = o**3 - o**2 + 4*o. Let i(v) = 4*k(v) + w(v). Calculate i(-1).
-4
Let z(d) = d**2 - d - 11. Let g be z(4). Let q(m) = 36*m + m**2 + g + 32*m - 72*m. What is q(5)?
6
Let q(y) be the second derivative of -y**5/20 + 7*y**4/12 - 4*y**3/3 + 3*y**2/2 + y. Suppose -b + 5*j + 6 = 5, j + 17 = 3*b. Give q(b).
-9
Let r(v) = 3 - 33*v - v**2 + 54*v - 22*v. Give r(-6).
-27
Suppose -3 - 2 = -t. Suppose 0*c = t*c - 80. Let f be 10/(-15) - c/(-6). Let o(p) = p**2 - p + 2. What is o(f)?
4
Let m(k) = -k - 8. Let g(v) = -v - 1. Let h(o) = -5*g(o) + m(o). What is h(1)?
1
Let v(g) = -g**3 + 2*g**2 + g. Let i = 383 - 380. What is v(i)?
-6
Suppose 4*b - b = 6. Suppose -5*d + 3*d - 2*j = 0, -b*j = -4*d + 6. Suppose m + 3*t = -m - d, -2*m + 3*t - 19 = 0. Let a(o) = o**2 + 5*o - 1. Give a(m).
-1
Let u(c) = -4*c**2 - 7*c - 5. Let b(v) = -6*v**2 - 11*v - 7. Let f = -16 + 23. Let i(y) = f*u(y) - 5*b(y). Determine i(-4).
8
Let q(p) = -1 + 2*p**2 + 2*p**2 - 5*p - 1 - 5*p**2. What is q(-7)?
-16
Let a(v) = 9 + 0 - 4 - 24*v - 6. Let o(x) = 24*x + 1. Let l(n) = 6*a(n) + 5*o(n). What is l(-1)?
23
Let a(h) = h**2 + 6*h + 10. Let p be a(-5). Suppose 5*q = -2*f - 1, 0 = f - p + 3. Let s(l) = -18*l - 1. Calculate s(q).
17
Let r(t) = t**3 + 10*t**2 - t - 8. Let g be (12/(-10))/((-3)/(-15)) - 4. Determine r(g).
2
Let n(y) = -4*y - 18 - 3*y**2 + 1 + 7 + 7 + 6. What is n(1)?
-4
Let s(p) = -16*p + 1 + p**2 - 4*p - 3 + 0 + 11*p. Give s(9).
-2
Suppose -2*g + 4 = -4*x, 2*g + 3*g - 80 = -4*x. Suppose -1 - g = -d. Let u(l) = -l**2 + d*l**2 + l + l**2. Determine u(-1).
12
Let t(d) = -6*d - 8. Let c be t(-10). Let k = -48 + c. Let l(a) = -2*a + 4. Give l(k).
-4
Let l(f) = 16*f + 3. Suppose -4*q - 524 = 4*o, 6*q + 655 = q + 3*o. Let j = -133 - q. Calculate l(j).
-29
Let w(h) be the second derivative of h**3/3 - 5*h**2 + 3*h - 2. Calculate w(9).
8
Let u(k) = -k**3 + 7*k**2 - 3*k - 4. Let x be 4/(-36) - (-440)/72. What is u(x)?
14
Let f be (-6)/4*(-4)/(-24)*-4. Let n(p) = 2 + p**2 - f + 9 + 7*p - 15. Give n(-8).
3
Suppose 0 = f + 235 - 237. Let v(p) be the second derivative of p + 0 - 1/20*p**5 + 1/2*p**4 - 3/2*p**f - 1/6*p**3. Give v(6).
-9
Let i(m) = m**2 - 6*m - 14. Let g be (-3)/(-1) + 40/10. What is i(g)?
-7
Let b(j) = j**3 - 6*j**2 + 9*j - 9. Let t be b(6). Suppose t = 5*w - 20. Let a(o) = -o + 19*o**2 - o**3 + 2 - 6*o - w*o**2. Give a(5).
-8
Let s = -23 + 25. Let l(r) = 4 - s*r + 3*r - r**2 + 5*r. What is l(3)?
13
Let c(f) = -11*f**2 + f + 1. Let k(h) = -3*h - 31. Let u be k(-10). Calculate c(u).
-11
Let a(b) = 5*b - 2. Let t be (-66)/(-110) - (-23)/(-5). Determine a(t).
-22
Let q be 12/30 - 69/(-15). Suppose -m = 5*j - 21, -q*j - 4*m + 6 = -3. Let n(g) = g**2 - 4*g. Determine n(j).
5
Suppose -7*v + 11 - 32 = 0. Let m(n) = -2*n - 10. What is m(v)?
-4
Let y(p) = -2*p**2 + 4*p + 4. Let n(u) = 3*u - 1. Let r(g) = 16*g - 6. Let b(v) = -11*n(v) + 2*r(v). Let o(a) = -4*b(a) - y(a). What is o(2)?
8
Suppose 2*o + 4 = c, 4*o = -2*c + 1 + 15. Suppose d = 2*d - z - 12, -3*z + 20 = 4*d. Let y(x) = -3*x + 6 + 2 - 8*x**3 - 6*x**2 + x**3 + d*x**3. Determine y(c).
-10
Let s(w) = -36*w - 69 + 54 + 33*w. What is s(-4)?
-3
Let q(r) = -r**2 + 12*r - 2. Let g = 425 + -416. Calculate q(g).
25
Let v(m) = -m**3 + 2*m**2 + 5*m - 2. Suppose -6*c - 9*c + 45 = 0. Calculate v(c).
4
Let w(a) = -3*a**2 - 2*a + 1. Let s be 5/(-2)*(-84)/(-105). Calculate w(s).
-7
Let t = -20 - -23. Let c(v) = -7*v - v**2 + v**t + 7*v**2 - 3 - 1 + 0*v**2. Give c(-7).
-4
Let o(k) = 5*k**2 + 21*k + 13. Let p(j) = -4*j**2 - 19*j - 11. Let m(t) = -5*o(t) - 6*p(t). Give m(9).
1
Let m(j) = j**2 - 7*j - 9. Let b = 288 - 278. What is m(b)?
21
Suppose -4*b - 4*i + 248 = 0, 0*b + b = -2*i + 67. Let u = b - 51. Let z(p) be the third derivative of p**5/60 - 7*p**4/24 + p**3/3 - p**2. Determine z(u).
-4
Suppose -3*u - 8 = -5*u. Suppose 0 = -3*r - 0*q - 3*q, 0 = u*r - 2*q. Let a(i) = -4*i + r*i - 3 + i + 1. Give a(-3).
7
Suppose -3 = 8*q - 11*q. Suppose -5*u + 4*u - q = 0. Let a(b) be the second derivative of -b**5/20 + b**3/6 - 5*b. What is a(u)?
0
Let g be -7 - ((-26)/10 - 6/15). Let c be 0/2 - (6 - 8). Let d(p) = -4*p + p**3 + 4*p + 4*p**2 - 2 - c*p. Determine d(g).
6
Let c(w) = -w**3 - 6*w**2 - 6*w. Let z be -8 - 4/((-8)/6). Give c(z).
5
Let c be (2 + -3)/((-4)/(-16)*2). Let a(l) = l**2 + l + 1. Let g(o) = -o**2 - 9*o. Let u(f) = c*a(f) - g(f). Determine u(5).
8
Let z be 5 + (-3)/((-12)/(-4)). Suppose z*q - 20 = 4. Let d(g) = 2*g + 0 - 2 + q - 1. What is d(-3)?
-3
Let a(w) = w**3 - 9*w**2 + 4*w + 7. Let p = 2378 - 2370. Give a(p).
-25
Let z(h) = -4*h**2 - h - 8. Let l(s) = -3*s**2 - 2*s - 7. Let r(y) = -3*l(y) + 2*z(y). Determine r(-4).
5
Let s(b) = -b**3 + 2*b**2 + b - 2. Let i(q) = -3*q**3 + 8*q**2 + 2*q - 7. Let r(z) = 2*i(z) - 7*s(z). Calculate r(1).
0
Let o(t) = -2*t**3 - 4*t**2 - 4*t - 2. Let l = 65 - 57. Suppose 4*m + l = -4*z - 0*m, 5*z - 2*m = -10. Calculate o(z).
6
Let b(w) = w**3 - 7*w**2 + 2. Let g(n) = 11*n**2 - 27*n**2 + 3*n + 2*n**3 + 13*n**2 - 3. Let a be g(2). Give b(a).
2
Let d(z) be the second derivative of 1/20*z**5 - 1/3*z**4 - 8*z + 0*z**2 + 0 + 1/6*z**3. Give d(4).
4
Let v = -351 + 353. Let b(c) be the first derivative of -c**3/3 - c**2/2 - c - 1. What is b(v)?
-7
Let b = 47 + -32. Let v = 9 - b. Let i(m) be the third derivative of -m**5/60 - m**4/3 - 3*m**3/2 - 71*m**2. Determine i(v).
3
Let z(k) = -k**3 + 5*k**2 + 5*k - 6. Let t be (-1)/(3/9)*1. Let n be (18 - 16)/((-1)/t). Give z(n).
-12
Let z = 11 + 0. Let u = -95 - -109. Let h = z - u. Let x(g) = -g**3 - 3*g**2 + 4. What is x(h)?
4
Suppose 4*x = 5*n - 165 - 0, 0 = -x - 4*n - 36. Let w = x + 38. Let o(h) = -h + 2*h**2 + 3 + 0 + 3*h. What is o(w)?
7
Let m(a) = -24 - 24 - 22 + 71 + a**2. Let p = -2 - -1. What is m(p)?
2
Let h(p) = 9*p**2 - 13*p + 3. Let s(u) = 7*u**2 - 13*u + 2. Let q(y) = -4*h(y) + 5*s(y). Give q(-13).
-2
Suppose 4*m - 24 - 4 = 0. Let y(j) = -1. Let x = 94 + -88. Let d(p) = -p + 11. Let s(w) = x*y(w) + d(w). Give s(m).
-2
Let g(n) = n - 1. Suppose p - 28 = 2*p. Let f be (1 + p/(-8))*2. Suppose d + f = 4*d. Give g(d).
2
Let l(q) be the second derivative of -q**4/12 + 3*q**3/2 + 11*q**2/2 - 87*q. Calculate l(8).
19
Suppose -158*b + 162*b - 8 = -4*a, -b = -a + 2. Let h(r) = 2*r - 28. Determine h(b).
-28
Let g(z) = -z**3 + 2*z**2 + z + 5. Let v = 1347 - 1347. Give g(v).
5
Let y(k) = -13*k - 13. Let m(q) = -3*q - 3. Suppose 3*p = 2*p + w - 7, -5*w = -4*p - 33. Let j(b) = p*y(b) + 9*m(b). Calculate j(2).
-3
Let c(a) = -a + 4. Let p = 27 + -23. Suppose -p*q = 3*q - 49. Calculate c(q).
-3
Let x(w) = -w**2 + 3*w - 2. Let g be -1*0/(8/((-48)/(-18))). Suppose 3*b = n - 29 + 2, 0 = n - 5*b - 37. Suppose 0 = -3*y - g + n. Calculate x(y).
-6
Let y(a) = a**3 - 5*a**2 + 2. Let n be y(5). Let q(r) = -63*r - 5*r**2 - 1 + 0 + 62*r + 0*r**n. Give q(-1).
-5
Let r(l) = -2*l**2 + l - 1. Let z(w) = -7*w**2 - 2*w - 11. Let h(k) = 4*r(k) - z(k). Give h(7).
0
Let c(m) = -m + 5. Suppose 0 = -5*f + 10 - 0. Suppose -3*h + 5*k = -8*h + 10, -5*h + f*k = 4. Calculate c(h).
5
Let a(k) = -k**3 - 1. Let w(y) = -3*y**3 - 6*y**2 + 8*y - 5. Let z(o) = 4*a(o) - w(o). Let j be z(4). Let r(c) = -1 + 3*c + c - 1 - j. Give r(2).
5
Let p(q) be the second derivative of -q**4/12 - q**3/2 + 3*q**2 + 25*q. What is p(-6)?
-12
Suppose -11*f - 17 = -6. Let y(w) = 3*w**3 - 6*w**2 + 2*w - 5. Let d(t) = -2*t**3 + 7*t**2 - 3*t + 6. Let n(h) = 4*d(h) + 5*y(h). Determine n(f).
-8
Suppose 3 = -2*v - 1. Let y be -5 + 5/((-5)/v). Let g(w) = 48 - 213 + 55 - 2*w**2 + 54 - 3*w + 58. Give g(y).
-7
Suppose -9*s - 33 = 2*s. Let p(w) = 4*w**2 - 5*w - 5. Let n(a) = -2*a**2 + 3*a + 3. Let c(v) = s*p(v) - 5*n(v). Determine c(2).
-8
Let z(v) = -4 - v**3 + 2*v**2 + 2*v - 2 + 4. Let p be z(2). Let s(j) be the first derivative of -j**2/2 + 4*j + 11.